{"id":910,"date":"2025-08-21T14:50:57","date_gmt":"2025-08-21T17:50:57","guid":{"rendered":"https:\/\/11simposioesocite.ufpa.br\/?page_id=910"},"modified":"2025-09-15T09:38:19","modified_gmt":"2025-09-15T12:38:19","slug":"conferencistas","status":"publish","type":"page","link":"https:\/\/11simposioesocite.ufpa.br\/?page_id=910","title":{"rendered":"Confer\u00eancias"},"content":{"rendered":"\n<h2 class=\"wp-block-heading\"><strong>Confer\u00eancia de abertura<\/strong><\/h2>\n\n\n\n<ul class=\"wp-block-list\">\n<li><strong>Data: <\/strong>17\/09\/2025<\/li>\n\n\n\n<li><strong>Hor\u00e1rio: <\/strong>11h00<\/li>\n\n\n\n<li><strong>Local:<\/strong> Audit\u00f3rio Benedito Nunes<\/li>\n<\/ul>\n\n\n\n<h2 class=\"wp-block-heading\"><em>A Amaz\u00f4nia entre fraturas, resist\u00eancias e possibilidades de pensar o futuro<\/em><\/h2>\n\n\n\n<h2 class=\"wp-block-heading\"><em>Edna Castro <\/em><\/h2>\n\n\n\n<figure class=\"wp-block-image size-full is-resized\"><img loading=\"lazy\" decoding=\"async\" width=\"568\" height=\"320\" src=\"http:\/\/11simposioesocite.ufpa.br\/wp-content\/uploads\/2025\/08\/Emeritas_Edna-Castro_Alexandre-de-Moraes.jpg\" alt=\"\" class=\"wp-image-997\" style=\"width:790px;height:auto\" srcset=\"https:\/\/11simposioesocite.ufpa.br\/wp-content\/uploads\/2025\/08\/Emeritas_Edna-Castro_Alexandre-de-Moraes.jpg 568w, https:\/\/11simposioesocite.ufpa.br\/wp-content\/uploads\/2025\/08\/Emeritas_Edna-Castro_Alexandre-de-Moraes-300x169.jpg 300w\" sizes=\"auto, (max-width: 568px) 100vw, 568px\" \/><\/figure>\n\n\n\n<p><sub>Fotografia: Alexandre de Moraes<\/sub><\/p>\n\n\n\n<p><strong>Edna Castro<\/strong> \u00e9 Professora Em\u00e9rita da Universidade Federal do Par\u00e1 (UFPA), onde atua no N\u00facleo de Altos Estudos Amaz\u00f4nicos (NAEA) e no Instituto de Filosofia e Ci\u00eancias Humanas (IFCH), junto aos Programas de P\u00f3s-Gradua\u00e7\u00e3o em Desenvolvimento Sustent\u00e1vel do Tr\u00f3pico \u00damido e em Sociologia e Antropologia. Graduada em Ci\u00eancias Sociais pela UFPA, \u00e9 mestre e doutora em Sociologia pela \u00c9cole des Hautes \u00c9tudes en Sciences Sociales, Paris (1978-1983).<\/p>\n\n\n\n<p>Desde outubro de 2023, \u00e9 Presidente da Sociedade Brasileira de Sociologia. Ao longo da carreira, foi Professora Visitante na Universidade de Qu\u00e9bec \u00e0 Montreal (1996\/97), na Universidade de Bras\u00edlia (2004\/2005) e na Universit\u00e9 Le Havre, Fran\u00e7a (2010). Exerceu tamb\u00e9m importantes fun\u00e7\u00f5es em associa\u00e7\u00f5es cient\u00edficas: foi Presidente da ANPUR (2007-2009), Diretora da SBPC (2011-2015), Diretora da ANPOCS em tr\u00eas mandatos e Presidente da Sociedade Brasileira de Sociologia (2009-2011).<\/p>\n\n\n\n<p>Na UFPA, coordenou o Programa de P\u00f3s-Gradua\u00e7\u00e3o em Desenvolvimento do Tr\u00f3pico \u00damido (1994-1996) e foi Diretora Geral do NAEA (1997-2000; 2005-2009). Sua trajet\u00f3ria acad\u00eamica \u00e9 marcada pela perspectiva cr\u00edtica e interdisciplinar, com \u00eanfase em sociologia do desenvolvimento e do meio ambiente, trabalho, cidades, pensamento latino-americano e Amaz\u00f4nia.<\/p>\n\n\n\n<h2 class=\"wp-block-heading\"><strong>Confer\u00eancia de Encerramento<\/strong> <\/h2>\n\n\n\n<ul class=\"wp-block-list\">\n<li><strong>Data: <\/strong>19\/09\/2025 | <\/li>\n\n\n\n<li><strong>Hor\u00e1rio: <\/strong>10h00<\/li>\n\n\n\n<li><strong>Local: <\/strong>Hall do Espa\u00e7o Mirante do Rio<\/li>\n<\/ul>\n\n\n\n<h2 class=\"wp-block-heading\"><strong><em>por um radical recentramento do mundo<\/em><\/strong><\/h2>\n\n\n\n<h2 class=\"wp-block-heading\"><em>Eliane Brum <\/em><\/h2>\n\n\n\n<figure class=\"wp-block-image size-large\"><img loading=\"lazy\" decoding=\"async\" width=\"1024\" height=\"683\" src=\"http:\/\/11simposioesocite.ufpa.br\/wp-content\/uploads\/2025\/08\/Eliane.Sumauma_Lela-Beltrao_-SUMAUMA140-5-2-1024x683.jpg\" alt=\"\" class=\"wp-image-994\" srcset=\"https:\/\/11simposioesocite.ufpa.br\/wp-content\/uploads\/2025\/08\/Eliane.Sumauma_Lela-Beltrao_-SUMAUMA140-5-2-1024x683.jpg 1024w, https:\/\/11simposioesocite.ufpa.br\/wp-content\/uploads\/2025\/08\/Eliane.Sumauma_Lela-Beltrao_-SUMAUMA140-5-2-300x200.jpg 300w, https:\/\/11simposioesocite.ufpa.br\/wp-content\/uploads\/2025\/08\/Eliane.Sumauma_Lela-Beltrao_-SUMAUMA140-5-2-768x512.jpg 768w, https:\/\/11simposioesocite.ufpa.br\/wp-content\/uploads\/2025\/08\/Eliane.Sumauma_Lela-Beltrao_-SUMAUMA140-5-2-1536x1024.jpg 1536w, https:\/\/11simposioesocite.ufpa.br\/wp-content\/uploads\/2025\/08\/Eliane.Sumauma_Lela-Beltrao_-SUMAUMA140-5-2-2048x1365.jpg 2048w, https:\/\/11simposioesocite.ufpa.br\/wp-content\/uploads\/2025\/08\/Eliane.Sumauma_Lela-Beltrao_-SUMAUMA140-5-2-850x567.jpg 850w\" sizes=\"auto, (max-width: 1024px) 100vw, 1024px\" \/><\/figure>\n\n\n\n<p><sub>Fotografia: Soll\/Suma\u00fama<\/sub><\/p>\n\n\n\n<p><strong>Eliane Brum<\/strong> \u00e9 jornalista, escritora e documentarista. Uma das rep\u00f3rteres mais premiadas da hist\u00f3ria do Brasil, recebeu, em 2021, o Pr\u00eamio Maria Moors Cabot, da Columbia University, pelo conjunto de sua obra. Em 2025, foi escolhida Pensadora do Ano pela Prospect Magazine, reconhecimento internacional pelo impacto de suas ideias e contribui\u00e7\u00f5es para o debate global.<br><br>\u00c9 idealizadora, fundadora e diretora da plataforma tril\u00edngue SUMA\u00daMA \u2013 Jornalismo do Centro do Mundo (<a href=\"http:\/\/sumauma.com\/\" target=\"_blank\" rel=\"noreferrer noopener\">sumauma.com<\/a>), baseada na Amaz\u00f4nia, al\u00e9m de colunista da se\u00e7\u00e3o internacional do jornal espanhol El Pa\u00eds.<br><br>Autora de nove livros, entre eles Brasil, construtor de ru\u00ednas: um olhar sobre o pa\u00eds, de Lula a Bolsonaro (Arquip\u00e9lago, 2019) e Banzeiro \u00f2k\u00f2t\u00f3: uma viagem \u00e0 Amaz\u00f4nia centro do mundo (Companhia das Letras, 2021). Em ingl\u00eas, publicou One Two (Amazon Crossing), The Collector of Leftover Souls (Graywolf\/EUA e Granta\/Reino Unido) e Banzeiro \u00f2k\u00f2t\u00f3: The Amazon as Center of the World (Graywolf\/EUA e Indigo\/Reino Unido). Suas obras tamb\u00e9m foram traduzidas para o franc\u00eas, italiano, espanhol, polon\u00eas, alem\u00e3o, mandarim e b\u00falgaro.<br><br>Como documentarista, \u00e9 diretora ou codiretora de quatro filmes: Uma Hist\u00f3ria Severina, Gretchen Filme Estrada, Eu+1: uma jornada de sa\u00fade mental na Amaz\u00f4nia e Laerte-se.<br><br>Vive em Altamira, no M\u00e9dio Xingu, Amaz\u00f4nia.<\/p>\n","protected":false},"excerpt":{"rendered":"<p>Confer\u00eancia de abertura A Amaz\u00f4nia entre fraturas, resist\u00eancias e possibilidades de pensar o futuro Edna Castro Fotografia: Alexandre de Moraes Edna Castro \u00e9 Professora Em\u00e9rita da Universidade Federal do Par\u00e1 (UFPA), onde atua no N\u00facleo de Altos Estudos Amaz\u00f4nicos (NAEA) e no Instituto de Filosofia e Ci\u00eancias Humanas (IFCH), junto aos Programas de P\u00f3s-Gradua\u00e7\u00e3o em&#8230;<\/p>\n","protected":false},"author":1,"featured_media":0,"parent":0,"menu_order":0,"comment_status":"closed","ping_status":"closed","template":"","meta":{"_themeisle_gutenberg_block_has_review":false,"footnotes":""},"class_list":["post-910","page","type-page","status-publish","hentry"],"_links":{"self":[{"href":"https:\/\/11simposioesocite.ufpa.br\/index.php?rest_route=\/wp\/v2\/pages\/910","targetHints":{"allow":["GET"]}}],"collection":[{"href":"https:\/\/11simposioesocite.ufpa.br\/index.php?rest_route=\/wp\/v2\/pages"}],"about":[{"href":"https:\/\/11simposioesocite.ufpa.br\/index.php?rest_route=\/wp\/v2\/types\/page"}],"author":[{"embeddable":true,"href":"https:\/\/11simposioesocite.ufpa.br\/index.php?rest_route=\/wp\/v2\/users\/1"}],"replies":[{"embeddable":true,"href":"https:\/\/11simposioesocite.ufpa.br\/index.php?rest_route=%2Fwp%2Fv2%2Fcomments&post=910"}],"version-history":[{"count":15,"href":"https:\/\/11simposioesocite.ufpa.br\/index.php?rest_route=\/wp\/v2\/pages\/910\/revisions"}],"predecessor-version":[{"id":1212,"href":"https:\/\/11simposioesocite.ufpa.br\/index.php?rest_route=\/wp\/v2\/pages\/910\/revisions\/1212"}],"wp:attachment":[{"href":"https:\/\/11simposioesocite.ufpa.br\/index.php?rest_route=%2Fwp%2Fv2%2Fmedia&parent=910"}],"curies":[{"name":"wp","href":"https:\/\/api.w.org\/{rel}","templated":true}]}}

Conferências

<h2 class="wp-block-heading"><strong>Conferência de abertura</strong></h2>



<ul class="wp-block-list">
<li><strong>Data: </strong>17/09/2025</li>



<li><strong>Horário: </strong>11h00</li>



<li><strong>Local:</strong> Auditório Benedito Nunes</li>
</ul>



<h2 class="wp-block-heading"><em>A Amazônia entre fraturas, resistências e possibilidades de pensar o futuro</em></h2>



<h2 class="wp-block-heading"><em>Edna Castro </em></h2>



<figure class="wp-block-image size-full is-resized"><img loading="lazy" decoding="async" width="568" height="320" src="http://11simposioesocite.ufpa.br/wp-content/uploads/2025/08/Emeritas_Edna-Castro_Alexandre-de-Moraes.jpg" alt="" class="wp-image-997" style="width:790px;height:auto" srcset="https://11simposioesocite.ufpa.br/wp-content/uploads/2025/08/Emeritas_Edna-Castro_Alexandre-de-Moraes.jpg 568w, https://11simposioesocite.ufpa.br/wp-content/uploads/2025/08/Emeritas_Edna-Castro_Alexandre-de-Moraes-300x169.jpg 300w" sizes="auto, (max-width: 568px) 100vw, 568px" /></figure>



<p><sub>Fotografia: Alexandre de Moraes</sub></p>



<p><strong>Edna Castro</strong> é Professora Emérita da Universidade Federal do Pará (UFPA), onde atua no Núcleo de Altos Estudos Amazônicos (NAEA) e no Instituto de Filosofia e Ciências Humanas (IFCH), junto aos Programas de Pós-Graduação em Desenvolvimento Sustentável do Trópico Úmido e em Sociologia e Antropologia. Graduada em Ciências Sociais pela UFPA, é mestre e doutora em Sociologia pela École des Hautes Études en Sciences Sociales, Paris (1978-1983).</p>



<p>Desde outubro de 2023, é Presidente da Sociedade Brasileira de Sociologia. Ao longo da carreira, foi Professora Visitante na Universidade de Québec à Montreal (1996/97), na Universidade de Brasília (2004/2005) e na Université Le Havre, França (2010). Exerceu também importantes funções em associações científicas: foi Presidente da ANPUR (2007-2009), Diretora da SBPC (2011-2015), Diretora da ANPOCS em três mandatos e Presidente da Sociedade Brasileira de Sociologia (2009-2011).</p>



<p>Na UFPA, coordenou o Programa de Pós-Graduação em Desenvolvimento do Trópico Úmido (1994-1996) e foi Diretora Geral do NAEA (1997-2000; 2005-2009). Sua trajetória acadêmica é marcada pela perspectiva crítica e interdisciplinar, com ênfase em sociologia do desenvolvimento e do meio ambiente, trabalho, cidades, pensamento latino-americano e Amazônia.</p>



<h2 class="wp-block-heading"><strong>Conferência de Encerramento</strong> </h2>



<ul class="wp-block-list">
<li><strong>Data: </strong>19/09/2025 | </li>



<li><strong>Horário: </strong>10h00</li>



<li><strong>Local: </strong>Hall do Espaço Mirante do Rio</li>
</ul>



<h2 class="wp-block-heading"><strong><em>por um radical recentramento do mundo</em></strong></h2>



<h2 class="wp-block-heading"><em>Eliane Brum </em></h2>



<figure class="wp-block-image size-large"><img loading="lazy" decoding="async" width="1024" height="683" src="http://11simposioesocite.ufpa.br/wp-content/uploads/2025/08/Eliane.Sumauma_Lela-Beltrao_-SUMAUMA140-5-2-1024x683.jpg" alt="" class="wp-image-994" srcset="https://11simposioesocite.ufpa.br/wp-content/uploads/2025/08/Eliane.Sumauma_Lela-Beltrao_-SUMAUMA140-5-2-1024x683.jpg 1024w, https://11simposioesocite.ufpa.br/wp-content/uploads/2025/08/Eliane.Sumauma_Lela-Beltrao_-SUMAUMA140-5-2-300x200.jpg 300w, https://11simposioesocite.ufpa.br/wp-content/uploads/2025/08/Eliane.Sumauma_Lela-Beltrao_-SUMAUMA140-5-2-768x512.jpg 768w, https://11simposioesocite.ufpa.br/wp-content/uploads/2025/08/Eliane.Sumauma_Lela-Beltrao_-SUMAUMA140-5-2-1536x1024.jpg 1536w, https://11simposioesocite.ufpa.br/wp-content/uploads/2025/08/Eliane.Sumauma_Lela-Beltrao_-SUMAUMA140-5-2-2048x1365.jpg 2048w, https://11simposioesocite.ufpa.br/wp-content/uploads/2025/08/Eliane.Sumauma_Lela-Beltrao_-SUMAUMA140-5-2-850x567.jpg 850w" sizes="auto, (max-width: 1024px) 100vw, 1024px" /></figure>



<p><sub>Fotografia: Soll/Sumaúma</sub></p>



<p><strong>Eliane Brum</strong> é jornalista, escritora e documentarista. Uma das repórteres mais premiadas da história do Brasil, recebeu, em 2021, o Prêmio Maria Moors Cabot, da Columbia University, pelo conjunto de sua obra. Em 2025, foi escolhida Pensadora do Ano pela Prospect Magazine, reconhecimento internacional pelo impacto de suas ideias e contribuições para o debate global.<br><br>É idealizadora, fundadora e diretora da plataforma trilíngue SUMAÚMA – Jornalismo do Centro do Mundo (<a href="http://sumauma.com/" target="_blank" rel="noreferrer noopener">sumauma.com</a>), baseada na Amazônia, além de colunista da seção internacional do jornal espanhol El País.<br><br>Autora de nove livros, entre eles Brasil, construtor de ruínas: um olhar sobre o país, de Lula a Bolsonaro (Arquipélago, 2019) e Banzeiro òkòtó: uma viagem à Amazônia centro do mundo (Companhia das Letras, 2021). Em inglês, publicou One Two (Amazon Crossing), The Collector of Leftover Souls (Graywolf/EUA e Granta/Reino Unido) e Banzeiro òkòtó: The Amazon as Center of the World (Graywolf/EUA e Indigo/Reino Unido). Suas obras também foram traduzidas para o francês, italiano, espanhol, polonês, alemão, mandarim e búlgaro.<br><br>Como documentarista, é diretora ou codiretora de quatro filmes: Uma História Severina, Gretchen Filme Estrada, Eu+1: uma jornada de saúde mental na Amazônia e Laerte-se.<br><br>Vive em Altamira, no Médio Xingu, Amazônia.</p>

<p>Conferência de abertura A Amazônia entre fraturas, resistências e possibilidades de pensar o futuro Edna Castro Fotografia: Alexandre de Moraes Edna Castro é Professora Emérita da Universidade Federal do Pará (UFPA), onde atua no Núcleo de Altos Estudos Amazônicos (NAEA) e no Instituto de Filosofia e Ciências Humanas (IFCH), junto aos Programas de Pós-Graduação em&#8230;</p>
