{"id":695,"date":"2025-07-23T18:41:23","date_gmt":"2025-07-23T21:41:23","guid":{"rendered":"https:\/\/11simposioesocite.ufpa.br\/?page_id=695"},"modified":"2025-08-21T12:00:40","modified_gmt":"2025-08-21T15:00:40","slug":"mc-05-estatistica-como-pratica-de-bruxaria-nas-ciencias-humanas-desvendando-feiticos-formulas-e-fenomenos-sociais","status":"publish","type":"page","link":"https:\/\/11simposioesocite.ufpa.br\/?page_id=695","title":{"rendered":"MC 05 &#8211; Estat\u00edstica como Pr\u00e1tica de Bruxaria nas Ci\u00eancias Humanas: desvendando feiti\u00e7os, f\u00f3rmulas e fen\u00f4menos sociais"},"content":{"rendered":"\n<p>Neste curso, propomos uma jornada inici\u00e1tica em que a estat\u00edstica ser\u00e1 abordada como uma pr\u00e1tica de feiti\u00e7aria aplicada ao mundo social: cheia de mist\u00e9rios, s\u00edmbolos, ingredientes e poderes que precisam ser compreendidos e desmistificados. A proposta combina reflex\u00e3o cr\u00edtica com aplica\u00e7\u00e3o pr\u00e1tica, partindo da pergunta cient\u00edfica (o encantamento inicial) at\u00e9 o lan\u00e7amento dos dados no caldeir\u00e3o das an\u00e1lises. Entre po\u00e7\u00f5es e gr\u00e1ficos, aprenderemos a identificar e manipular vari\u00e1veis quantitativas e qualitativas, a construir instrumentos de coleta, a pensar o delineamento da amostragem (com ou sem ervas), e a organizar bancos de dados com responsabilidade. Na segunda parte do ritual, exploraremos an\u00e1lises descritivas e inferenciais em softwares, sempre com foco na leitura cr\u00edtica dos fen\u00f4menos sociais, sem prometer previs\u00f5es infal\u00edveis, mas com ferramentas que ajudam a enxergar aquilo que muitas vezes permanece invis\u00edvel nas sombras (inclusive as da extrema direita). Nenhum ritual matem\u00e1tico anterior \u00e9 exigido, apenas curiosidade, senso cr\u00edtico e disposi\u00e7\u00e3o para descobrir que, nas Ci\u00eancias Humanas, quantificar tamb\u00e9m pode ser um ato de magia na interpreta\u00e7\u00e3o dos seres humanos que nos cercam.<\/p>\n\n\n\n<figure class=\"wp-block-table\"><table class=\"has-fixed-layout\"><tbody><tr><td><strong>Prof. Dr. J\u00falio Cesar Voltolini<br>(Coordenador\/Proponente)<\/strong><\/td><td><strong>Programa de P\u00f3s-Gradua\u00e7\u00e3o em Desenvolvimento Humano, Universidade de Taubat\u00e9<\/strong><\/td><\/tr><\/tbody><\/table><\/figure>\n\n\n\n<ul class=\"wp-block-list\">\n<li>Data: 18 e 19\/09\/2025<\/li>\n\n\n\n<li>Hor\u00e1rio: 8h00 \u2013 9h30<\/li>\n\n\n\n<li>Local: Laborat\u00f3rio ICEN<\/li>\n<\/ul>\n","protected":false},"excerpt":{"rendered":"<p>Neste curso, propomos uma jornada inici\u00e1tica em que a estat\u00edstica ser\u00e1 abordada como uma pr\u00e1tica de feiti\u00e7aria aplicada ao mundo social: cheia de mist\u00e9rios, s\u00edmbolos, ingredientes e poderes que precisam ser compreendidos e desmistificados. A proposta combina reflex\u00e3o cr\u00edtica com aplica\u00e7\u00e3o pr\u00e1tica, partindo da pergunta cient\u00edfica (o encantamento inicial) at\u00e9 o lan\u00e7amento dos dados no&#8230;<\/p>\n","protected":false},"author":1,"featured_media":0,"parent":0,"menu_order":0,"comment_status":"closed","ping_status":"closed","template":"","meta":{"_themeisle_gutenberg_block_has_review":false,"footnotes":""},"class_list":["post-695","page","type-page","status-publish","hentry"],"_links":{"self":[{"href":"https:\/\/11simposioesocite.ufpa.br\/index.php?rest_route=\/wp\/v2\/pages\/695","targetHints":{"allow":["GET"]}}],"collection":[{"href":"https:\/\/11simposioesocite.ufpa.br\/index.php?rest_route=\/wp\/v2\/pages"}],"about":[{"href":"https:\/\/11simposioesocite.ufpa.br\/index.php?rest_route=\/wp\/v2\/types\/page"}],"author":[{"embeddable":true,"href":"https:\/\/11simposioesocite.ufpa.br\/index.php?rest_route=\/wp\/v2\/users\/1"}],"replies":[{"embeddable":true,"href":"https:\/\/11simposioesocite.ufpa.br\/index.php?rest_route=%2Fwp%2Fv2%2Fcomments&post=695"}],"version-history":[{"count":3,"href":"https:\/\/11simposioesocite.ufpa.br\/index.php?rest_route=\/wp\/v2\/pages\/695\/revisions"}],"predecessor-version":[{"id":871,"href":"https:\/\/11simposioesocite.ufpa.br\/index.php?rest_route=\/wp\/v2\/pages\/695\/revisions\/871"}],"wp:attachment":[{"href":"https:\/\/11simposioesocite.ufpa.br\/index.php?rest_route=%2Fwp%2Fv2%2Fmedia&parent=695"}],"curies":[{"name":"wp","href":"https:\/\/api.w.org\/{rel}","templated":true}]}}

MC 05 &#8211; Estatística como Prática de Bruxaria nas Ciências Humanas: desvendando feitiços, fórmulas e fenômenos sociais

<p>Neste curso, propomos uma jornada iniciática em que a estatística será abordada como uma prática de feitiçaria aplicada ao mundo social: cheia de mistérios, símbolos, ingredientes e poderes que precisam ser compreendidos e desmistificados. A proposta combina reflexão crítica com aplicação prática, partindo da pergunta científica (o encantamento inicial) até o lançamento dos dados no caldeirão das análises. Entre poções e gráficos, aprenderemos a identificar e manipular variáveis quantitativas e qualitativas, a construir instrumentos de coleta, a pensar o delineamento da amostragem (com ou sem ervas), e a organizar bancos de dados com responsabilidade. Na segunda parte do ritual, exploraremos análises descritivas e inferenciais em softwares, sempre com foco na leitura crítica dos fenômenos sociais, sem prometer previsões infalíveis, mas com ferramentas que ajudam a enxergar aquilo que muitas vezes permanece invisível nas sombras (inclusive as da extrema direita). Nenhum ritual matemático anterior é exigido, apenas curiosidade, senso crítico e disposição para descobrir que, nas Ciências Humanas, quantificar também pode ser um ato de magia na interpretação dos seres humanos que nos cercam.</p>



<figure class="wp-block-table"><table class="has-fixed-layout"><tbody><tr><td><strong>Prof. Dr. Júlio Cesar Voltolini<br>(Coordenador/Proponente)</strong></td><td><strong>Programa de Pós-Graduação em Desenvolvimento Humano, Universidade de Taubaté</strong></td></tr></tbody></table></figure>



<ul class="wp-block-list">
<li>Data: 18 e 19/09/2025</li>



<li>Horário: 8h00 – 9h30</li>



<li>Local: Laboratório ICEN</li>
</ul>

<p>Neste curso, propomos uma jornada iniciática em que a estatística será abordada como uma prática de feitiçaria aplicada ao mundo social: cheia de mistérios, símbolos, ingredientes e poderes que precisam ser compreendidos e desmistificados. A proposta combina reflexão crítica com aplicação prática, partindo da pergunta científica (o encantamento inicial) até o lançamento dos dados no&#8230;</p>
