{"id":661,"date":"2025-07-16T11:37:29","date_gmt":"2025-07-16T14:37:29","guid":{"rendered":"https:\/\/11simposioesocite.ufpa.br\/?page_id=661"},"modified":"2025-09-15T10:14:08","modified_gmt":"2025-09-15T13:14:08","slug":"of-3-mesa-de-trabalho-com-as-aguas","status":"publish","type":"page","link":"https:\/\/11simposioesocite.ufpa.br\/?page_id=661","title":{"rendered":"OF 3 &#8211; Mesa de Trabalho com as \u00c1guas"},"content":{"rendered":"\n<p>Convidamos todas as pessoas interessadas a um encontro sens\u00edvel com as \u00e1guas \u2014 rios, lagos, chuvas, nascentes, mares, nuvens e seus m\u00faltiplos companheiros \u2014 a partir da composi\u00e7\u00e3o com diferentes materiais e express\u00f5es, explorando suas grafias, hist\u00f3rias, texturas e pot\u00eancias. Trata-se de uma mesa de trabalho que se abre como convite \u00e0 escuta e ao gesto, ao toque e \u00e0 partilha, \u00e0 experimenta\u00e7\u00e3o e \u00e0 cria\u00e7\u00e3o em companhia das \u00e1guas e seus modos de exist\u00eancia.<br>Partimos de perguntas: Onde terminam as \u00e1guas e come\u00e7a o resto do mundo? Que mundos s\u00e3o criados com e pelas \u00e1guas? Como estabelecer uma simbiose ou uma colabora\u00e7\u00e3o ativa com os fluxos que nos atravessam e nos comp\u00f5em? Como criar intimidade com as \u00e1guas \u2014 aquelas que escorrem, se infiltram, evaporam e retornam? Como criar etnografias, biografias e outras escritas com as \u00e1guas, reconhecendo seus ritmos, suas aus\u00eancias, suas formas de linguagem? Como elaborar composi\u00e7\u00f5es que respeitem suas materialidades fluidas, suas resist\u00eancias \u00e0 fixa\u00e7\u00e3o e \u00e0 captura?<br>Inspiradas e inspirados por autoras como Donna Haraway, Isabelle Stengers, Marisol de la Cadena e Andrea Ballestero \u2014 que nos provocam a pensar com o mundo, a habitar as zonas de contato entre saberes, a escutar os n\u00e3o-humanos e a valorizar formas plurais de exist\u00eancia \u2014 propomos um espa\u00e7o de investiga\u00e7\u00e3o-cria\u00e7\u00e3o onde se possa escrever, desenhar, bordar, pintar, esculpir, colar, rasurar, como quem percebe o fazer e o desfazer das \u00e1guas.<br>Pretendemos criar um espa\u00e7o coletivo de experimenta\u00e7\u00e3o em que as \u00e1guas possam ser vistas, sentidas e narradas de m\u00faltiplas formas \u2014 po\u00e9ticas, sensoriais, pol\u00edticas, afetivas, ecol\u00f3gicas.<br>As mesas de trabalho, neste contexto, s\u00e3o compreendidas como dispositivos potentes de pesquisa e cria\u00e7\u00e3o: geradoras de conversas, de processos, de encontros, de in\u00edcios, operam como territ\u00f3rios entre arte, ci\u00eancia e educa\u00e7\u00e3o. Esta metodologia tem sido desenvolvida no \u00e2mbito do grupo de pesquisa \u201cmultiT\u00c3O: prolifer-artes sub-vertendo ci\u00eancias, educa\u00e7\u00f5es e comunica\u00e7\u00f5es\u201d, vinculado ao Laborat\u00f3rio de Estudos Avan\u00e7ados em Jornalismo (Labjor\/Unicamp), em articula\u00e7\u00e3o com investiga\u00e7\u00f5es pr\u00e1ticas sobre ecologias, pedagogias e linguagens h\u00edbridas.<br>Esta proposta integra as a\u00e7\u00f5es da UC1 Comunica\u00e7\u00e3o, Arte e Cultura no \u00e2mbito do INCT ONSEADAPTA \u2013 Observat\u00f3rio Nacional de Seguran\u00e7a H\u00eddrica e Gest\u00e3o Adaptativa, e se insere em um esfor\u00e7o coletivo de pensar, fazer e comunicar a ci\u00eancia a partir de outras sensibilidades, narrativas e modos de conviv\u00eancia com os mundos mais-que-humanos.<\/p>\n\n\n\n<figure class=\"wp-block-table\"><table class=\"has-fixed-layout\"><tbody><tr><td><strong>Fernando Monteiro Camargo<\/strong><\/td><td><strong>Labjor &#8211; UNICAMP<\/strong><\/td><\/tr><\/tbody><\/table><\/figure>\n\n\n\n<ul class=\"wp-block-list\">\n<li>Data: 18\/09\/2025<\/li>\n\n\n\n<li>Hor\u00e1rio: 8h00 \u2013 9h30<\/li>\n\n\n\n<li>Local: \u00a0Mirante do Rio \u2013 sala 206 (2o andar)<\/li>\n<\/ul>\n","protected":false},"excerpt":{"rendered":"<p>Convidamos todas as pessoas interessadas a um encontro sens\u00edvel com as \u00e1guas \u2014 rios, lagos, chuvas, nascentes, mares, nuvens e seus m\u00faltiplos companheiros \u2014 a partir da composi\u00e7\u00e3o com diferentes materiais e express\u00f5es, explorando suas grafias, hist\u00f3rias, texturas e pot\u00eancias. Trata-se de uma mesa de trabalho que se abre como convite \u00e0 escuta e ao&#8230;<\/p>\n","protected":false},"author":1,"featured_media":0,"parent":0,"menu_order":0,"comment_status":"closed","ping_status":"closed","template":"","meta":{"_themeisle_gutenberg_block_has_review":false,"footnotes":""},"class_list":["post-661","page","type-page","status-publish","hentry"],"_links":{"self":[{"href":"https:\/\/11simposioesocite.ufpa.br\/index.php?rest_route=\/wp\/v2\/pages\/661","targetHints":{"allow":["GET"]}}],"collection":[{"href":"https:\/\/11simposioesocite.ufpa.br\/index.php?rest_route=\/wp\/v2\/pages"}],"about":[{"href":"https:\/\/11simposioesocite.ufpa.br\/index.php?rest_route=\/wp\/v2\/types\/page"}],"author":[{"embeddable":true,"href":"https:\/\/11simposioesocite.ufpa.br\/index.php?rest_route=\/wp\/v2\/users\/1"}],"replies":[{"embeddable":true,"href":"https:\/\/11simposioesocite.ufpa.br\/index.php?rest_route=%2Fwp%2Fv2%2Fcomments&post=661"}],"version-history":[{"count":3,"href":"https:\/\/11simposioesocite.ufpa.br\/index.php?rest_route=\/wp\/v2\/pages\/661\/revisions"}],"predecessor-version":[{"id":1222,"href":"https:\/\/11simposioesocite.ufpa.br\/index.php?rest_route=\/wp\/v2\/pages\/661\/revisions\/1222"}],"wp:attachment":[{"href":"https:\/\/11simposioesocite.ufpa.br\/index.php?rest_route=%2Fwp%2Fv2%2Fmedia&parent=661"}],"curies":[{"name":"wp","href":"https:\/\/api.w.org\/{rel}","templated":true}]}}