{"id":582,"date":"2025-05-27T23:24:22","date_gmt":"2025-05-28T02:24:22","guid":{"rendered":"https:\/\/11simposioesocite.ufpa.br\/?page_id=582"},"modified":"2025-09-15T10:15:20","modified_gmt":"2025-09-15T13:15:20","slug":"mc-01-como-compor-o-social-a-partir-de-nossos-objetos-de-estudo-uma-introducao-a-teoria-ator-rede-diante-da-emergencia-climatica","status":"publish","type":"page","link":"https:\/\/11simposioesocite.ufpa.br\/?page_id=582","title":{"rendered":"MC 01 &#8211; Como compor o \u201csocial\u201d a partir de nossos objetos de estudo? Uma introdu\u00e7\u00e3o \u00e0 Teoria Ator-Rede diante da emerg\u00eancia clim\u00e1tica"},"content":{"rendered":"\n<p>A emerg\u00eancia clim\u00e1tica nos \u00e9 atual, mas revela um desafio epistemol\u00f3gico bastante antigo. Conforme nos lembra Bruno Latour, para se orientar politicamente no antropoceno \u00e9 preciso aterrar. O campo de estudos em Ci\u00eancia, Tecnologia e Sociedade (CTS) pretende tornar evidentes as conex\u00f5es existentes entre fatos e artefatos t\u00e9cnico-cient\u00edficos e a sociedade em que vivemos. Neste contexto, a Teoria Ator-Rede surge como um caminho para compreender que isso n\u00e3o significa aproximar o conte\u00fado cient\u00edfico do contexto social, mas reformular toda a nossa maneira \u201cmoderna\u201d de construir conhecimento. Ou seja, reconhecer que tanto os fatos como os valores s\u00e3o deliberados e decididos (Latour, 2004, p. 248), que a sociedade, assim como a natureza, n\u00e3o \u00e9 uma inst\u00e2ncia pr\u00e9-estabelecida. Para a Teoria Ator-Rede, o social precisa ser (re)composto a cada objeto h\u00edbrido que criamos. Mas, como fazer isso com um \u201cobjeto de estudo\u201d em m\u00e3os? Como enxergar as implica\u00e7\u00f5es pol\u00edticas, econ\u00f4micas, culturais, ideol\u00f3gicas, \u00e9tico-morais, etc.? Como perceb\u00ea-lo como um h\u00edbrido de natureza e cultura? Os livros de Bruno Latour est\u00e3o repletos de exemplos de procedimentos metodol\u00f3gicos, todavia atribuir a\u00e7\u00e3o aos mesmos \u00e9 um desafio que cabe a n\u00f3s pesquisadores. Conforme o pr\u00f3prio autor disse ao final do livro Jamais fomos modernos, \u201c[&#8230;] eu realizei meu trabalho de fil\u00f3sofo e de constituinte [da constitui\u00e7\u00e3o n\u00e3o moderna] quando reuni os temas esparsos da antropologia comparada. Outros [n\u00f3s] saber\u00e3o convocar este parlamento\u201d (Latour, 1994, p. 142). Assim, o objetivo deste minicurso \u00e9 apresentar exemplos pr\u00e1ticos sobre como reagregar o social em nossas pesquisas cient\u00edficas. Sua base emp\u00edrica s\u00e3o teses de doutorado que, para fazer ci\u00eancia na democracia, optaram por compor o social ou a rede sociot\u00e9cnica de seus antigos \u201cobjetos de estudo\u201d. O minicurso ser\u00e1 dividido em tr\u00eas sess\u00f5es, nas quais ser\u00e3o abordadas as seguintes quest\u00f5es: a) Como utilizar as justificativas de nossos estudos t\u00e9cnicos para obter pistas sobre o social que precisamos compor? b) Como identificar os \u201cfluxos sangu\u00edneos\u201d da ci\u00eancia? c) Como tornar o conhecimento cient\u00edfico mais situado? d) Como acrescentar pr\u00e1ticas de media\u00e7\u00e3o \u00e0s de purifica\u00e7\u00e3o e tra\u00e7ar a dimens\u00e3o n\u00e3o moderna de estudos cient\u00edficos? e) Como caracterizar a ontologia de geometria vari\u00e1vel? f) Como fixar grampos a fim de manter o \u201csocial\u201d plano e n\u00e3o saltar rapidamente do conte\u00fado para o contexto, ou do local para o global? Estas quest\u00f5es ser\u00e3o abordadas nas referidas teses para caracterizar os objetos como h\u00edbridos de natureza e cultura, sendo ao mesmo tempo natural-social, cient\u00edfico-pol\u00edtico e local-global. Ser\u00e1 proposto, ainda, um di\u00e1logo com as pesquisas do(a)s inscrito(a)s no minicurso.<\/p>\n\n\n\n<figure class=\"wp-block-table\"><table class=\"has-fixed-layout\"><tbody><tr><td><strong>Viviane Fernandez de Oliveira<\/strong> (Coordenadora)<\/td><td><strong>UFF<\/strong><\/td><\/tr><tr><td><strong>Edilaine Albertino de Moraes<\/strong> (Proponente)<\/td><td><strong>UFJF<\/strong><\/td><\/tr><tr><td><strong>Florence Mendez Casariego<\/strong> (Proponente)<\/td><td><strong>UERJ<\/strong><\/td><\/tr><tr><td><strong>F\u00e1tima Teresa Braga Branquinho<\/strong> (Proponente)<\/td><td><strong>UERJ<\/strong><\/td><\/tr><\/tbody><\/table><\/figure>\n\n\n\n<ul class=\"wp-block-list\">\n<li>Data: 17, 18 e 19\/09\/2025<\/li>\n\n\n\n<li>Hor\u00e1rio: 8h00 \u2013 9h30<\/li>\n\n\n\n<li>Local: Mirante do Rio \u2013 sala 201 (2o andar)<\/li>\n<\/ul>\n","protected":false},"excerpt":{"rendered":"<p>A emerg\u00eancia clim\u00e1tica nos \u00e9 atual, mas revela um desafio epistemol\u00f3gico bastante antigo. Conforme nos lembra Bruno Latour, para se orientar politicamente no antropoceno \u00e9 preciso aterrar. O campo de estudos em Ci\u00eancia, Tecnologia e Sociedade (CTS) pretende tornar evidentes as conex\u00f5es existentes entre fatos e artefatos t\u00e9cnico-cient\u00edficos e a sociedade em que vivemos. Neste&#8230;<\/p>\n","protected":false},"author":1,"featured_media":0,"parent":0,"menu_order":0,"comment_status":"closed","ping_status":"closed","template":"","meta":{"_themeisle_gutenberg_block_has_review":false,"footnotes":""},"class_list":["post-582","page","type-page","status-publish","hentry"],"_links":{"self":[{"href":"https:\/\/11simposioesocite.ufpa.br\/index.php?rest_route=\/wp\/v2\/pages\/582","targetHints":{"allow":["GET"]}}],"collection":[{"href":"https:\/\/11simposioesocite.ufpa.br\/index.php?rest_route=\/wp\/v2\/pages"}],"about":[{"href":"https:\/\/11simposioesocite.ufpa.br\/index.php?rest_route=\/wp\/v2\/types\/page"}],"author":[{"embeddable":true,"href":"https:\/\/11simposioesocite.ufpa.br\/index.php?rest_route=\/wp\/v2\/users\/1"}],"replies":[{"embeddable":true,"href":"https:\/\/11simposioesocite.ufpa.br\/index.php?rest_route=%2Fwp%2Fv2%2Fcomments&post=582"}],"version-history":[{"count":5,"href":"https:\/\/11simposioesocite.ufpa.br\/index.php?rest_route=\/wp\/v2\/pages\/582\/revisions"}],"predecessor-version":[{"id":1224,"href":"https:\/\/11simposioesocite.ufpa.br\/index.php?rest_route=\/wp\/v2\/pages\/582\/revisions\/1224"}],"wp:attachment":[{"href":"https:\/\/11simposioesocite.ufpa.br\/index.php?rest_route=%2Fwp%2Fv2%2Fmedia&parent=582"}],"curies":[{"name":"wp","href":"https:\/\/api.w.org\/{rel}","templated":true}]}}

MC 01 &#8211; Como compor o “social” a partir de nossos objetos de estudo? Uma introdução à Teoria Ator-Rede diante da emergência climática

<p>A emergência climática nos é atual, mas revela um desafio epistemológico bastante antigo. Conforme nos lembra Bruno Latour, para se orientar politicamente no antropoceno é preciso aterrar. O campo de estudos em Ciência, Tecnologia e Sociedade (CTS) pretende tornar evidentes as conexões existentes entre fatos e artefatos técnico-científicos e a sociedade em que vivemos. Neste contexto, a Teoria Ator-Rede surge como um caminho para compreender que isso não significa aproximar o conteúdo científico do contexto social, mas reformular toda a nossa maneira “moderna” de construir conhecimento. Ou seja, reconhecer que tanto os fatos como os valores são deliberados e decididos (Latour, 2004, p. 248), que a sociedade, assim como a natureza, não é uma instância pré-estabelecida. Para a Teoria Ator-Rede, o social precisa ser (re)composto a cada objeto híbrido que criamos. Mas, como fazer isso com um “objeto de estudo” em mãos? Como enxergar as implicações políticas, econômicas, culturais, ideológicas, ético-morais, etc.? Como percebê-lo como um híbrido de natureza e cultura? Os livros de Bruno Latour estão repletos de exemplos de procedimentos metodológicos, todavia atribuir ação aos mesmos é um desafio que cabe a nós pesquisadores. Conforme o próprio autor disse ao final do livro Jamais fomos modernos, “[&#8230;] eu realizei meu trabalho de filósofo e de constituinte [da constituição não moderna] quando reuni os temas esparsos da antropologia comparada. Outros [nós] saberão convocar este parlamento” (Latour, 1994, p. 142). Assim, o objetivo deste minicurso é apresentar exemplos práticos sobre como reagregar o social em nossas pesquisas científicas. Sua base empírica são teses de doutorado que, para fazer ciência na democracia, optaram por compor o social ou a rede sociotécnica de seus antigos “objetos de estudo”. O minicurso será dividido em três sessões, nas quais serão abordadas as seguintes questões: a) Como utilizar as justificativas de nossos estudos técnicos para obter pistas sobre o social que precisamos compor? b) Como identificar os “fluxos sanguíneos” da ciência? c) Como tornar o conhecimento científico mais situado? d) Como acrescentar práticas de mediação às de purificação e traçar a dimensão não moderna de estudos científicos? e) Como caracterizar a ontologia de geometria variável? f) Como fixar grampos a fim de manter o “social” plano e não saltar rapidamente do conteúdo para o contexto, ou do local para o global? Estas questões serão abordadas nas referidas teses para caracterizar os objetos como híbridos de natureza e cultura, sendo ao mesmo tempo natural-social, científico-político e local-global. Será proposto, ainda, um diálogo com as pesquisas do(a)s inscrito(a)s no minicurso.</p>



<figure class="wp-block-table"><table class="has-fixed-layout"><tbody><tr><td><strong>Viviane Fernandez de Oliveira</strong> (Coordenadora)</td><td><strong>UFF</strong></td></tr><tr><td><strong>Edilaine Albertino de Moraes</strong> (Proponente)</td><td><strong>UFJF</strong></td></tr><tr><td><strong>Florence Mendez Casariego</strong> (Proponente)</td><td><strong>UERJ</strong></td></tr><tr><td><strong>Fátima Teresa Braga Branquinho</strong> (Proponente)</td><td><strong>UERJ</strong></td></tr></tbody></table></figure>



<ul class="wp-block-list">
<li>Data: 17, 18 e 19/09/2025</li>



<li>Horário: 8h00 – 9h30</li>



<li>Local: Mirante do Rio – sala 201 (2o andar)</li>
</ul>

<p>A emergência climática nos é atual, mas revela um desafio epistemológico bastante antigo. Conforme nos lembra Bruno Latour, para se orientar politicamente no antropoceno é preciso aterrar. O campo de estudos em Ciência, Tecnologia e Sociedade (CTS) pretende tornar evidentes as conexões existentes entre fatos e artefatos técnico-científicos e a sociedade em que vivemos. Neste&#8230;</p>
