{"id":559,"date":"2025-05-27T22:21:42","date_gmt":"2025-05-28T01:21:42","guid":{"rendered":"https:\/\/11simposioesocite.ufpa.br\/?page_id=559"},"modified":"2025-09-15T10:16:17","modified_gmt":"2025-09-15T13:16:17","slug":"mc-03-pensando-a-governanca-da-internet-a-partir-dos-estudos-cts","status":"publish","type":"page","link":"https:\/\/11simposioesocite.ufpa.br\/?page_id=559","title":{"rendered":"MC 03 &#8211; Pensando a Governan\u00e7a da Internet a partir dos Estudos CTS"},"content":{"rendered":"\n<p>A governan\u00e7a da Internet diz respeito a como decis\u00f5es t\u00e9cnicas, pol\u00edticas e institucionais moldam o funcionamento da rede em escala local e global. Desse modo, \u00e9 permeada por interesses econ\u00f4micos, pol\u00edticos e sociais, e sua organiza\u00e7\u00e3o afeta diretamente o exerc\u00edcio da cidadania, a circula\u00e7\u00e3o de informa\u00e7\u00f5es e o desenvolvimento de pol\u00edticas p\u00fablicas. No Brasil, essa governan\u00e7a \u00e9 coordenada pelo Comit\u00ea Gestor da Internet (<a href=\"http:\/\/cgi.br\/\">CGI.br<\/a>), refer\u00eancia internacional por seu modelo multissetorial.<\/p>\n\n\n\n<p>Os Estudos Sociais da Ci\u00eancia e Tecnologia (CTS) oferecem ferramentas importantes para compreender essas din\u00e2micas e contribuir com formas mais justas e democr\u00e1ticas de governan\u00e7a. Este minicurso por tanto tem o objetivo de apresentar e analisar a governan\u00e7a da Internet em di\u00e1logo com Estudos CTS, ampliando repert\u00f3rios te\u00f3ricos e articula\u00e7\u00f5es institucionais.<\/p>\n\n\n\n<p>O curso ser\u00e1 estruturado em tr\u00eas sess\u00f5es de 90 minutos cada.<\/p>\n\n\n\n<p><strong>Sess\u00e3o 1 \u2013 Introdu\u00e7\u00e3o \u00e0 Governan\u00e7a da Internet<\/strong>: Apresentaremos a hist\u00f3ria da Internet, o modelo multissetorial do<a href=\"http:\/\/cgi.br\/\"> CGI.br<\/a> e os debates sobre infraestrutura, normas e disputas sociot\u00e9cnicas que moldam a rede. &#8211; 17\/09\/2025<\/p>\n\n\n\n<p><strong>Sess\u00e3o 2 \u2013 Temas Emergentes na Agenda da Governan\u00e7a da Internet<\/strong>: Discutiremos a respeito dos desafios atuais e transforma\u00e7\u00f5es sociopol\u00edticas associadas ao Marco Civil da Internet, tais como intelig\u00eancia artificial, regula\u00e7\u00e3o de plataformas, prote\u00e7\u00e3o de dados pessoais, desinforma\u00e7\u00e3o etc.<\/p>\n\n\n\n<p><strong>Sess\u00e3o 3 \u2013 Roda de Conversa sobre Governan\u00e7a da Internet,<a href=\"http:\/\/cgi.br\/\"> CGI.br<\/a> e<a href=\"http:\/\/esocite.br\/\"> ESOCITE.br<\/a>:<\/strong> Realizamos uma roda de conversa com convidadas e convidados que atuam na governan\u00e7a da Internet para trocar ideias com participantes e pesquisadoras CTS. &#8211; 18\/09\/2025<\/p>\n\n\n\n<p>O curso espera fortalecer a compreens\u00e3o cr\u00edtica sobre a Internet, seus desafios e possibilidades, em di\u00e1logo com o<a href=\"http:\/\/cgi.br\/\"> CGI.br<\/a> e os Estudos CTS, ampliando redes de pesquisa e interven\u00e7\u00e3o sociot\u00e9cnica. &#8211; 19\/09\/2025<\/p>\n\n\n\n<figure class=\"wp-block-table\"><table class=\"has-fixed-layout\"><tbody><tr><td><strong>Marcelo Fornazin<\/strong> (Coordenador)<\/td><td><strong>Funda\u00e7\u00e3o Oswaldo Cruz<\/strong><\/td><\/tr><tr><td><strong>Pedro Henrique da Costa Braga<\/strong> (Proponente)<\/td><td><strong>UNIAN-RJ<\/strong><\/td><\/tr><tr><td><strong>Luiza Affonso Ferreira Mesquita <\/strong>(Professora)<\/td><td><strong>Comit\u00ea Gestor da Internet no Brasil CGI.br<\/strong><\/td><\/tr><tr><td><strong>Vinicius Wagner Oliveira Santos<\/strong> (Professor)<\/td><td><strong>Comit\u00ea Gestor da Internet no Brasil CGI.br<\/strong><\/td><\/tr><tr><td><strong>Jean Carlos Ferreira dos Santos <\/strong>(Professor)<\/td><td><strong>Comit\u00ea Gestor da Internet no Brasil CGI.br<\/strong><\/td><\/tr><\/tbody><\/table><\/figure>\n\n\n\n<ul class=\"wp-block-list\">\n<li>Data: 17, 18 e 19\/09\/2025<\/li>\n\n\n\n<li>Hor\u00e1rio: 8h00 \u2013 9h30<\/li>\n\n\n\n<li>Local: Mirante do Rio \u2013 sala 203 (2o andar)<\/li>\n<\/ul>\n\n\n\n<p><\/p>\n","protected":false},"excerpt":{"rendered":"<p>A governan\u00e7a da Internet diz respeito a como decis\u00f5es t\u00e9cnicas, pol\u00edticas e institucionais moldam o funcionamento da rede em escala local e global. Desse modo, \u00e9 permeada por interesses econ\u00f4micos, pol\u00edticos e sociais, e sua organiza\u00e7\u00e3o afeta diretamente o exerc\u00edcio da cidadania, a circula\u00e7\u00e3o de informa\u00e7\u00f5es e o desenvolvimento de pol\u00edticas p\u00fablicas. No Brasil, essa&#8230;<\/p>\n","protected":false},"author":1,"featured_media":0,"parent":0,"menu_order":0,"comment_status":"closed","ping_status":"closed","template":"","meta":{"_themeisle_gutenberg_block_has_review":false,"footnotes":""},"class_list":["post-559","page","type-page","status-publish","hentry"],"_links":{"self":[{"href":"https:\/\/11simposioesocite.ufpa.br\/index.php?rest_route=\/wp\/v2\/pages\/559","targetHints":{"allow":["GET"]}}],"collection":[{"href":"https:\/\/11simposioesocite.ufpa.br\/index.php?rest_route=\/wp\/v2\/pages"}],"about":[{"href":"https:\/\/11simposioesocite.ufpa.br\/index.php?rest_route=\/wp\/v2\/types\/page"}],"author":[{"embeddable":true,"href":"https:\/\/11simposioesocite.ufpa.br\/index.php?rest_route=\/wp\/v2\/users\/1"}],"replies":[{"embeddable":true,"href":"https:\/\/11simposioesocite.ufpa.br\/index.php?rest_route=%2Fwp%2Fv2%2Fcomments&post=559"}],"version-history":[{"count":7,"href":"https:\/\/11simposioesocite.ufpa.br\/index.php?rest_route=\/wp\/v2\/pages\/559\/revisions"}],"predecessor-version":[{"id":1226,"href":"https:\/\/11simposioesocite.ufpa.br\/index.php?rest_route=\/wp\/v2\/pages\/559\/revisions\/1226"}],"wp:attachment":[{"href":"https:\/\/11simposioesocite.ufpa.br\/index.php?rest_route=%2Fwp%2Fv2%2Fmedia&parent=559"}],"curies":[{"name":"wp","href":"https:\/\/api.w.org\/{rel}","templated":true}]}}

MC 03 &#8211; Pensando a Governança da Internet a partir dos Estudos CTS

<p>A governança da Internet diz respeito a como decisões técnicas, políticas e institucionais moldam o funcionamento da rede em escala local e global. Desse modo, é permeada por interesses econômicos, políticos e sociais, e sua organização afeta diretamente o exercício da cidadania, a circulação de informações e o desenvolvimento de políticas públicas. No Brasil, essa governança é coordenada pelo Comitê Gestor da Internet (<a href="http://cgi.br/">CGI.br</a>), referência internacional por seu modelo multissetorial.</p>



<p>Os Estudos Sociais da Ciência e Tecnologia (CTS) oferecem ferramentas importantes para compreender essas dinâmicas e contribuir com formas mais justas e democráticas de governança. Este minicurso por tanto tem o objetivo de apresentar e analisar a governança da Internet em diálogo com Estudos CTS, ampliando repertórios teóricos e articulações institucionais.</p>



<p>O curso será estruturado em três sessões de 90 minutos cada.</p>



<p><strong>Sessão 1 – Introdução à Governança da Internet</strong>: Apresentaremos a história da Internet, o modelo multissetorial do<a href="http://cgi.br/"> CGI.br</a> e os debates sobre infraestrutura, normas e disputas sociotécnicas que moldam a rede. &#8211; 17/09/2025</p>



<p><strong>Sessão 2 – Temas Emergentes na Agenda da Governança da Internet</strong>: Discutiremos a respeito dos desafios atuais e transformações sociopolíticas associadas ao Marco Civil da Internet, tais como inteligência artificial, regulação de plataformas, proteção de dados pessoais, desinformação etc.</p>



<p><strong>Sessão 3 – Roda de Conversa sobre Governança da Internet,<a href="http://cgi.br/"> CGI.br</a> e<a href="http://esocite.br/"> ESOCITE.br</a>:</strong> Realizamos uma roda de conversa com convidadas e convidados que atuam na governança da Internet para trocar ideias com participantes e pesquisadoras CTS. &#8211; 18/09/2025</p>



<p>O curso espera fortalecer a compreensão crítica sobre a Internet, seus desafios e possibilidades, em diálogo com o<a href="http://cgi.br/"> CGI.br</a> e os Estudos CTS, ampliando redes de pesquisa e intervenção sociotécnica. &#8211; 19/09/2025</p>



<figure class="wp-block-table"><table class="has-fixed-layout"><tbody><tr><td><strong>Marcelo Fornazin</strong> (Coordenador)</td><td><strong>Fundação Oswaldo Cruz</strong></td></tr><tr><td><strong>Pedro Henrique da Costa Braga</strong> (Proponente)</td><td><strong>UNIAN-RJ</strong></td></tr><tr><td><strong>Luiza Affonso Ferreira Mesquita </strong>(Professora)</td><td><strong>Comitê Gestor da Internet no Brasil CGI.br</strong></td></tr><tr><td><strong>Vinicius Wagner Oliveira Santos</strong> (Professor)</td><td><strong>Comitê Gestor da Internet no Brasil CGI.br</strong></td></tr><tr><td><strong>Jean Carlos Ferreira dos Santos </strong>(Professor)</td><td><strong>Comitê Gestor da Internet no Brasil CGI.br</strong></td></tr></tbody></table></figure>



<ul class="wp-block-list">
<li>Data: 17, 18 e 19/09/2025</li>



<li>Horário: 8h00 – 9h30</li>



<li>Local: Mirante do Rio – sala 203 (2o andar)</li>
</ul>



<p></p>

<p>A governança da Internet diz respeito a como decisões técnicas, políticas e institucionais moldam o funcionamento da rede em escala local e global. Desse modo, é permeada por interesses econômicos, políticos e sociais, e sua organização afeta diretamente o exercício da cidadania, a circulação de informações e o desenvolvimento de políticas públicas. No Brasil, essa&#8230;</p>
