{"id":524,"date":"2025-05-27T21:53:49","date_gmt":"2025-05-28T00:53:49","guid":{"rendered":"https:\/\/11simposioesocite.ufpa.br\/?page_id=524"},"modified":"2025-09-15T10:05:16","modified_gmt":"2025-09-15T13:05:16","slug":"mr-01-antropoceno-em-desalinho-ciencias-e-literaturas-inimigas-do-fim","status":"publish","type":"page","link":"https:\/\/11simposioesocite.ufpa.br\/?page_id=524","title":{"rendered":"MR &#8211; Antropoceno em desalinho: ci\u00eancias e literaturas inimigas do fim"},"content":{"rendered":"\n<p class=\"has-text-align-left\">Esta mesa prop\u00f5e pensar os diversos topos narrados e performados atrav\u00e9s da (e pela) literatura diante dos desafios coletivos (auto)impostos pelo Antropoceno, ou Capitaloceno (Moore, 2022). Se sua outra alcunha ou faceta toma a plantation como mecanismo de reprodu\u00e7\u00e3o em larga escala das homogeneidades, o que poderiam fazer as literaturas como forma de varia\u00e7\u00e3o infinita de diversidade e transforma\u00e7\u00e3o? Se por um lado, proliferam narrativas de futuro que s\u00e3o alimentadas pela produ\u00e7\u00e3o cient\u00edfica sobre o desenho de cen\u00e1rios mais ou menos catastr\u00f3ficos, por outro fomentam-se imagens de futuros poss\u00edveis. Se o invi\u00e1vel nos tornamos, os poss\u00edveis s\u00e3o os outros. Inspirados na ideia de imagin\u00e1rios sociot\u00e9cnicos (Jasanoff e Kim, 2015), trataremos da express\u00e3o liter\u00e1ria como rastros imaginativos do-que-temos-porvir. Uma das derivas desse imaginar-com\/sonhar-com \u00e9 pensar o lugar da fic\u00e7\u00e3o, como um praticar a inven\u00e7\u00e3o, no \u00e2mbito do campo CTS. As m\u00faltiplas express\u00f5es art\u00edsticas ocupam espa\u00e7o cada vez destacado na tradi\u00e7\u00e3o CTS, n\u00e3o apenas como artefatos representacionais das descobertas cient\u00edficas e tecnol\u00f3gicas, mas como dispositivos materiais e simb\u00f3licos de ruptura das dicotomias modernas dos projetos cient\u00edficos, tais como palavra e corpo, sujeito e objeto, natureza e cultura. A partir de onde fixamos o olhar, o aprendizado sobre como responder \u00e0 \u201cintrus\u00e3o de Gaia\u201d demanda uma articula\u00e7\u00e3o caleidosc\u00f3pica entre as ci\u00eancias e os saberes \u201cn\u00e3o cient\u00edficos\u201d (Stengers, 2015). Assim, aqui partimos de experimentos narrativos disruptivos que possibilitam repovoar o antropoceno com ag\u00eancias outras e alternativas menos redundantes ao projeto moderno.<\/p>\n\n\n\n<p class=\"has-text-align-left\"><br>JASANOFF, Sheila; KIM, Sang-Hyun. Dreamscapes of modernity: Sociotechnical imaginaries and the fabrication of power. Chicago, IL: University of Chicago Press, 2015.<br>MOORE, Jason W. Antropoceno ou Capitaloceno. Natureza, hist\u00f3ria e a crise do capitalismo. S\u00e3o Paulo: Editora Elefante, 2022.<br>STENGERS, Isabelle. No tempo das cat\u00e1strofes-resistir \u00e0 barb\u00e1reie que se aproxima. S\u00e3o Paulo: Cosac Naify, 2015.<\/p>\n\n\n\n<ul class=\"wp-block-list\">\n<li>Data: 18\/09\/2025<\/li>\n\n\n\n<li>Hor\u00e1rio: 16h30 \u2013 18h00<\/li>\n\n\n\n<li>Local: Audit\u00f3rio Setorial B\u00e1sico 1<\/li>\n<\/ul>\n\n\n\n<figure class=\"wp-block-table\"><table class=\"has-fixed-layout\"><tbody><tr><td><strong>Daniela Alves de Alves<\/strong> (Coordenadora)<\/td><td><strong>Universidade Federal de Vi\u00e7osa<\/strong><\/td><\/tr><tr><td><strong>Guilherme Jos\u00e9 da Silva e S\u00e1<\/strong> (Expositor)<\/td><td><strong>Universidade de Bras\u00edlia<\/strong><\/td><\/tr><tr><td><strong>Renzo Taddei<\/strong> (Expositor)<\/td><td><strong>Universidade Federal de S\u00e3o Paulo<\/strong><\/td><\/tr><tr><td><strong>Daniel Alves de Jesus Figueiredo<\/strong> (Expositor)<\/td><td><strong>Universidade Federal de Minas Gerais<\/strong><\/td><\/tr><\/tbody><\/table><\/figure>\n","protected":false},"excerpt":{"rendered":"<p>Esta mesa prop\u00f5e pensar os diversos topos narrados e performados atrav\u00e9s da (e pela) literatura diante dos desafios coletivos (auto)impostos pelo Antropoceno, ou Capitaloceno (Moore, 2022). Se sua outra alcunha ou faceta toma a plantation como mecanismo de reprodu\u00e7\u00e3o em larga escala das homogeneidades, o que poderiam fazer as literaturas como forma de varia\u00e7\u00e3o infinita&#8230;<\/p>\n","protected":false},"author":1,"featured_media":0,"parent":0,"menu_order":0,"comment_status":"closed","ping_status":"closed","template":"","meta":{"_themeisle_gutenberg_block_has_review":false,"footnotes":""},"class_list":["post-524","page","type-page","status-publish","hentry"],"_links":{"self":[{"href":"https:\/\/11simposioesocite.ufpa.br\/index.php?rest_route=\/wp\/v2\/pages\/524","targetHints":{"allow":["GET"]}}],"collection":[{"href":"https:\/\/11simposioesocite.ufpa.br\/index.php?rest_route=\/wp\/v2\/pages"}],"about":[{"href":"https:\/\/11simposioesocite.ufpa.br\/index.php?rest_route=\/wp\/v2\/types\/page"}],"author":[{"embeddable":true,"href":"https:\/\/11simposioesocite.ufpa.br\/index.php?rest_route=\/wp\/v2\/users\/1"}],"replies":[{"embeddable":true,"href":"https:\/\/11simposioesocite.ufpa.br\/index.php?rest_route=%2Fwp%2Fv2%2Fcomments&post=524"}],"version-history":[{"count":4,"href":"https:\/\/11simposioesocite.ufpa.br\/index.php?rest_route=\/wp\/v2\/pages\/524\/revisions"}],"predecessor-version":[{"id":879,"href":"https:\/\/11simposioesocite.ufpa.br\/index.php?rest_route=\/wp\/v2\/pages\/524\/revisions\/879"}],"wp:attachment":[{"href":"https:\/\/11simposioesocite.ufpa.br\/index.php?rest_route=%2Fwp%2Fv2%2Fmedia&parent=524"}],"curies":[{"name":"wp","href":"https:\/\/api.w.org\/{rel}","templated":true}]}}