{"id":268,"date":"2025-01-22T15:37:52","date_gmt":"2025-01-22T18:37:52","guid":{"rendered":"https:\/\/11simposioesocite.ufpa.br\/?page_id=268"},"modified":"2025-08-21T16:11:55","modified_gmt":"2025-08-21T19:11:55","slug":"cronograma","status":"publish","type":"page","link":"https:\/\/11simposioesocite.ufpa.br\/?page_id=268","title":{"rendered":"Cronograma"},"content":{"rendered":"\n<p><strong>Recep\u00e7\u00e3o de propostas de <a href=\"https:\/\/11simposioesocite.ufpa.br\/?page_id=188\">Grupos Tem\u00e1ticos (GTs)<\/a>, <a href=\"https:\/\/11simposioesocite.ufpa.br\/?page_id=197\">Mi<\/a><\/strong><a href=\"https:\/\/11simposioesocite.ufpa.br\/?page_id=197\"><strong>nicursos (MC)<\/strong><\/a><strong> e <\/strong><a href=\"https:\/\/11simposioesocite.ufpa.br\/?page_id=191\"><strong>Mesas-Redondas (MR) <\/strong><\/a><strong>&#8211; <\/strong>26\/01\/2025 a 27\/04\/2025<\/p>\n\n\n\n<ul class=\"wp-block-list\">\n<li>Avalia\u00e7\u00e3o das propostas &#8211; 28\/04 a 15\/05\/2025<\/li>\n\n\n\n<li>Resultados das propostas aprovadas &#8211; 22\/05\/2025<\/li>\n<\/ul>\n\n\n\n<p><strong><strong>Recep\u00e7\u00e3o de propostas de<\/strong> <\/strong><a href=\"https:\/\/11simposioesocite.ufpa.br\/?page_id=202\"><strong>P\u00f4ster<\/strong><\/a><strong> e <\/strong><a href=\"https:\/\/11simposioesocite.ufpa.br\/?page_id=202\"><strong>Comunica\u00e7\u00e3o Oral em GT<\/strong><\/a><strong> &#8211; <\/strong>22\/05 a 27\/06\/2025<\/p>\n\n\n\n<ul class=\"wp-block-list\">\n<li>Avalia\u00e7\u00e3o das propostas pelos(as) coordenadores(as) de GT &#8211; 28\/06 a 10\/07\/2025<\/li>\n\n\n\n<li>Resultado das propostas aprovadas para apresenta\u00e7\u00e3o em GT &#8211; 14\/07\/2025<\/li>\n<\/ul>\n\n\n\n<p><strong><strong>Recep\u00e7\u00e3o<\/strong> de propostas de <\/strong><a href=\"https:\/\/11simposioesocite.ufpa.br\/?page_id=194\" target=\"_blank\" rel=\"noreferrer noopener\"><strong>Oficinas<\/strong><\/a> &#8211; 03\/04 a 30\/05\/2025<\/p>\n\n\n\n<p><strong><strong>Recep\u00e7\u00e3o<\/strong> de propostas de <\/strong><a href=\"https:\/\/11simposioesocite.ufpa.br\/?page_id=207\" target=\"_blank\" rel=\"noreferrer noopener\"><strong>Aglomerados<\/strong><\/a><strong> e <\/strong><a href=\"https:\/\/11simposioesocite.ufpa.br\/?page_id=208\" target=\"_blank\" rel=\"noreferrer noopener\"><strong>F\u00f3runs<\/strong><\/a><strong>  &#8211; <\/strong>03\/04 a 20\/06\/2025<\/p>\n\n\n\n<p><strong><strong>Recep\u00e7\u00e3o<\/strong> de<\/strong> <strong>Propostas para <a href=\"https:\/\/11simposioesocite.ufpa.br\/?page_id=213\" data-type=\"page\" data-id=\"213\">Conversas com autores e autoras<\/a><\/strong> &#8211; 03\/04 a 11\/06\/2025<\/p>\n\n\n\n<ul class=\"wp-block-list\">\n<li>Avalia\u00e7\u00e3o das propostas &#8211; 08\/05 a 21\/06\/2025<\/li>\n\n\n\n<li>Resultados das propostas aprovadas &#8211; 03\/07\/2025<\/li>\n<\/ul>\n\n\n\n<p><strong><strong>Recep\u00e7\u00e3o<\/strong><\/strong> <strong>de Propostas para <a href=\"https:\/\/11simposioesocite.ufpa.br\/?page_id=772\">Lan\u00e7amentos de Livros <\/a><\/strong>&#8211; 11\/08 a 25\/08\/2025<\/p>\n\n\n\n<p><strong>Divulga\u00e7\u00e3o da programa\u00e7\u00e3o completa &#8211; <\/strong>22\/08\/2025 <strong>(Novo Prazo!)<\/strong><\/p>\n\n\n\n<p><strong>Prazo de envio de trabalhos completos para anais do evento &#8211; <\/strong>30\/09\/2025<\/p>\n\n\n\n<p><strong>Evento &#8211; <\/strong>17 a 19\/09\/2025<\/p>\n\n\n\n<ul class=\"wp-block-list\">\n<li><em>Divulga\u00e7\u00e3o dos anais do evento<\/em> &#8211; 15\/12\/2025<\/li>\n\n\n\n<li><em>Certificados<\/em> &#8211; A partir de 20\/09\/2025<\/li>\n<\/ul>\n\n\n\n<p><\/p>\n","protected":false},"excerpt":{"rendered":"<p>Recep\u00e7\u00e3o de propostas de Grupos Tem\u00e1ticos (GTs), Minicursos (MC) e Mesas-Redondas (MR) &#8211; 26\/01\/2025 a 27\/04\/2025 Recep\u00e7\u00e3o de propostas de P\u00f4ster e Comunica\u00e7\u00e3o Oral em GT &#8211; 22\/05 a 27\/06\/2025 Recep\u00e7\u00e3o de propostas de Oficinas &#8211; 03\/04 a 30\/05\/2025 Recep\u00e7\u00e3o de propostas de Aglomerados e F\u00f3runs &#8211; 03\/04 a 20\/06\/2025 Recep\u00e7\u00e3o de Propostas para Conversas&#8230;<\/p>\n","protected":false},"author":1,"featured_media":0,"parent":0,"menu_order":0,"comment_status":"closed","ping_status":"closed","template":"","meta":{"_themeisle_gutenberg_block_has_review":false,"footnotes":""},"class_list":["post-268","page","type-page","status-publish","hentry"],"_links":{"self":[{"href":"https:\/\/11simposioesocite.ufpa.br\/index.php?rest_route=\/wp\/v2\/pages\/268","targetHints":{"allow":["GET"]}}],"collection":[{"href":"https:\/\/11simposioesocite.ufpa.br\/index.php?rest_route=\/wp\/v2\/pages"}],"about":[{"href":"https:\/\/11simposioesocite.ufpa.br\/index.php?rest_route=\/wp\/v2\/types\/page"}],"author":[{"embeddable":true,"href":"https:\/\/11simposioesocite.ufpa.br\/index.php?rest_route=\/wp\/v2\/users\/1"}],"replies":[{"embeddable":true,"href":"https:\/\/11simposioesocite.ufpa.br\/index.php?rest_route=%2Fwp%2Fv2%2Fcomments&post=268"}],"version-history":[{"count":18,"href":"https:\/\/11simposioesocite.ufpa.br\/index.php?rest_route=\/wp\/v2\/pages\/268\/revisions"}],"predecessor-version":[{"id":934,"href":"https:\/\/11simposioesocite.ufpa.br\/index.php?rest_route=\/wp\/v2\/pages\/268\/revisions\/934"}],"wp:attachment":[{"href":"https:\/\/11simposioesocite.ufpa.br\/index.php?rest_route=%2Fwp%2Fv2%2Fmedia&parent=268"}],"curies":[{"name":"wp","href":"https:\/\/api.w.org\/{rel}","templated":true}]}}