{"id":208,"date":"2025-01-08T20:28:24","date_gmt":"2025-01-08T23:28:24","guid":{"rendered":"https:\/\/11simposioesocite.ufpa.br\/?page_id=208"},"modified":"2025-09-12T14:12:51","modified_gmt":"2025-09-12T17:12:51","slug":"foruns","status":"publish","type":"page","link":"https:\/\/11simposioesocite.ufpa.br\/?page_id=208","title":{"rendered":"F\u00f3runs"},"content":{"rendered":"\n<p>Nesse espa\u00e7o buscamos contemplar a participa\u00e7\u00e3o de representantes da sociedade civil, membros de organiza\u00e7\u00f5es com os mais diversos fins que discutam temas relacionados ou impactados pelos estudos CTS.<\/p>\n\n\n\n<p>Os F\u00f3runs aprovados no Simp\u00f3sio s\u00e3o:<\/p>\n\n\n\n<figure class=\"wp-block-embed is-type-wp-embed is-provider-m-dia-incorporada wp-block-embed-m-dia-incorporada\"><div class=\"wp-block-embed__wrapper\">\n<blockquote class=\"wp-embedded-content\" data-secret=\"Kw4rY7Lipb\"><a href=\"https:\/\/11simposioesocite.ufpa.br\/?page_id=759\">F\u00f3rum &#8211; Atua\u00e7\u00e3o do OCTI no Mapeamento da Complexidade da Ci\u00eancia Brasileira: Metodologia, Indicadores e Capacidades Regionais<\/a><\/blockquote><iframe loading=\"lazy\" class=\"wp-embedded-content\" sandbox=\"allow-scripts\" security=\"restricted\" style=\"position: absolute; visibility: hidden;\" title=\"&#8220;F\u00f3rum &#8211; Atua\u00e7\u00e3o do OCTI no Mapeamento da Complexidade da Ci\u00eancia Brasileira: Metodologia, Indicadores e Capacidades Regionais&#8221; &#8212; \" src=\"https:\/\/11simposioesocite.ufpa.br\/?page_id=759&#038;embed=true#?secret=ifRnSJwMTl#?secret=Kw4rY7Lipb\" data-secret=\"Kw4rY7Lipb\" width=\"600\" height=\"338\" frameborder=\"0\" marginwidth=\"0\" marginheight=\"0\" scrolling=\"no\"><\/iframe>\n<\/div><\/figure>\n\n\n\n<ul class=\"wp-block-list\">\n<li>Data: 17\/09\/2025<\/li>\n\n\n\n<li>Hor\u00e1rio: 18h00 &#8211; 20h00<\/li>\n\n\n\n<li>Local: Audit\u00f3rio do ICEN<\/li>\n<\/ul>\n\n\n\n<figure class=\"wp-block-embed is-type-wp-embed is-provider-m-dia-incorporada wp-block-embed-m-dia-incorporada\"><div class=\"wp-block-embed__wrapper\">\n<blockquote class=\"wp-embedded-content\" data-secret=\"FZypK3Fbgh\"><a href=\"https:\/\/11simposioesocite.ufpa.br\/?page_id=619\">F\u00f3rum &#8211; Edi\u00e7\u00e3o cient\u00edfica e ci\u00eancia aberta<\/a><\/blockquote><iframe loading=\"lazy\" class=\"wp-embedded-content\" sandbox=\"allow-scripts\" security=\"restricted\" style=\"position: absolute; visibility: hidden;\" title=\"&#8220;F\u00f3rum &#8211; Edi\u00e7\u00e3o cient\u00edfica e ci\u00eancia aberta&#8221; &#8212; \" src=\"https:\/\/11simposioesocite.ufpa.br\/?page_id=619&#038;embed=true#?secret=7iS49U9VZo#?secret=FZypK3Fbgh\" data-secret=\"FZypK3Fbgh\" width=\"600\" height=\"338\" frameborder=\"0\" marginwidth=\"0\" marginheight=\"0\" scrolling=\"no\"><\/iframe>\n<\/div><\/figure>\n\n\n\n<ul class=\"wp-block-list\">\n<li>Data: 17\/09\/2025<\/li>\n\n\n\n<li>Hor\u00e1rio: 18h00 &#8211; 20h00<\/li>\n\n\n\n<li>Local: Audit\u00f3rio do IFCH<\/li>\n<\/ul>\n\n\n\n<figure class=\"wp-block-embed is-type-wp-embed is-provider-m-dia-incorporada wp-block-embed-m-dia-incorporada\"><div class=\"wp-block-embed__wrapper\">\n<blockquote class=\"wp-embedded-content\" data-secret=\"ZwxIa55Rng\"><a href=\"https:\/\/11simposioesocite.ufpa.br\/?page_id=621\">F\u00f3rum &#8211; Programas Engajados CTS \u2013 Embates, transgress\u00f5es, pr\u00e1ticas e ecologias pol\u00edticas<\/a><\/blockquote><iframe loading=\"lazy\" class=\"wp-embedded-content\" sandbox=\"allow-scripts\" security=\"restricted\" style=\"position: absolute; visibility: hidden;\" title=\"&#8220;F\u00f3rum &#8211; Programas Engajados CTS \u2013 Embates, transgress\u00f5es, pr\u00e1ticas e ecologias pol\u00edticas&#8221; &#8212; \" src=\"https:\/\/11simposioesocite.ufpa.br\/?page_id=621&#038;embed=true#?secret=gjfMMtwjZn#?secret=ZwxIa55Rng\" data-secret=\"ZwxIa55Rng\" width=\"600\" height=\"338\" frameborder=\"0\" marginwidth=\"0\" marginheight=\"0\" scrolling=\"no\"><\/iframe>\n<\/div><\/figure>\n\n\n\n<ul class=\"wp-block-list\">\n<li>Data: 18\/09\/2025<\/li>\n\n\n\n<li>Hor\u00e1rio: 18h00 &#8211; 20h00<\/li>\n\n\n\n<li>Local: Audit\u00f3rio do IFCH<\/li>\n<\/ul>\n\n\n\n<figure class=\"wp-block-embed is-type-wp-embed is-provider-m-dia-incorporada wp-block-embed-m-dia-incorporada\"><div class=\"wp-block-embed__wrapper\">\n<blockquote class=\"wp-embedded-content\" data-secret=\"kLaj3kKBwG\"><a href=\"https:\/\/11simposioesocite.ufpa.br\/?page_id=623\">F\u00f3rum &#8211; Trajet\u00f3rias, Desafios e Perspectivas das Associa\u00e7\u00f5es Cient\u00edficas CTS na Am\u00e9rica Latina<\/a><\/blockquote><iframe loading=\"lazy\" class=\"wp-embedded-content\" sandbox=\"allow-scripts\" security=\"restricted\" style=\"position: absolute; visibility: hidden;\" title=\"&#8220;F\u00f3rum &#8211; Trajet\u00f3rias, Desafios e Perspectivas das Associa\u00e7\u00f5es Cient\u00edficas CTS na Am\u00e9rica Latina&#8221; &#8212; \" src=\"https:\/\/11simposioesocite.ufpa.br\/?page_id=623&#038;embed=true#?secret=7sAfHtXpUM#?secret=kLaj3kKBwG\" data-secret=\"kLaj3kKBwG\" width=\"600\" height=\"338\" frameborder=\"0\" marginwidth=\"0\" marginheight=\"0\" scrolling=\"no\"><\/iframe>\n<\/div><\/figure>\n\n\n\n<ul class=\"wp-block-list\">\n<li>Data: 18\/09\/2025<\/li>\n\n\n\n<li>Hor\u00e1rio: 18h00 &#8211; 20h00<\/li>\n\n\n\n<li>Local: Audit\u00f3rio do ICEN<\/li>\n<\/ul>\n","protected":false},"excerpt":{"rendered":"<p>Nesse espa\u00e7o buscamos contemplar a participa\u00e7\u00e3o de representantes da sociedade civil, membros de organiza\u00e7\u00f5es com os mais diversos fins que discutam temas relacionados ou impactados pelos estudos CTS. Os F\u00f3runs aprovados no Simp\u00f3sio s\u00e3o:<\/p>\n","protected":false},"author":1,"featured_media":0,"parent":0,"menu_order":0,"comment_status":"closed","ping_status":"closed","template":"","meta":{"_themeisle_gutenberg_block_has_review":false,"footnotes":""},"class_list":["post-208","page","type-page","status-publish","hentry"],"_links":{"self":[{"href":"https:\/\/11simposioesocite.ufpa.br\/index.php?rest_route=\/wp\/v2\/pages\/208","targetHints":{"allow":["GET"]}}],"collection":[{"href":"https:\/\/11simposioesocite.ufpa.br\/index.php?rest_route=\/wp\/v2\/pages"}],"about":[{"href":"https:\/\/11simposioesocite.ufpa.br\/index.php?rest_route=\/wp\/v2\/types\/page"}],"author":[{"embeddable":true,"href":"https:\/\/11simposioesocite.ufpa.br\/index.php?rest_route=\/wp\/v2\/users\/1"}],"replies":[{"embeddable":true,"href":"https:\/\/11simposioesocite.ufpa.br\/index.php?rest_route=%2Fwp%2Fv2%2Fcomments&post=208"}],"version-history":[{"count":8,"href":"https:\/\/11simposioesocite.ufpa.br\/index.php?rest_route=\/wp\/v2\/pages\/208\/revisions"}],"predecessor-version":[{"id":1206,"href":"https:\/\/11simposioesocite.ufpa.br\/index.php?rest_route=\/wp\/v2\/pages\/208\/revisions\/1206"}],"wp:attachment":[{"href":"https:\/\/11simposioesocite.ufpa.br\/index.php?rest_route=%2Fwp%2Fv2%2Fmedia&parent=208"}],"curies":[{"name":"wp","href":"https:\/\/api.w.org\/{rel}","templated":true}]}}