{"id":188,"date":"2025-01-08T16:41:48","date_gmt":"2025-01-08T19:41:48","guid":{"rendered":"https:\/\/11simposioesocite.ufpa.br\/?page_id=188"},"modified":"2025-08-21T14:36:20","modified_gmt":"2025-08-21T17:36:20","slug":"grupo-tematico","status":"publish","type":"page","link":"https:\/\/11simposioesocite.ufpa.br\/?page_id=188","title":{"rendered":"Grupos Tem\u00e1ticos"},"content":{"rendered":"\n<div class=\"wp-block-group\"><div class=\"wp-block-group__inner-container is-layout-constrained wp-block-group-is-layout-constrained\">\n<p>\u200b<a href=\"https:\/\/11simposioesocite.ufpa.br\/?page_id=381\" data-type=\"page\" data-id=\"381\">GT01 &#8211; (In)depend\u00eancias Sociot\u00e9cnicas e Movimentos Sociais: Desafios de Engajamentos \/ Governan\u00e7as com Novas Tecnologias<\/a><\/p>\n\n\n\n<p><a href=\"https:\/\/11simposioesocite.ufpa.br\/?page_id=383\" data-type=\"page\" data-id=\"383\">GT02 &#8211; A Indissocialidade Entre Ensino, Pesquisa e Extens\u00e3o: desafios e experi\u00eancias na Amaz\u00f4nia<\/a><\/p>\n\n\n\n<p><a href=\"https:\/\/11simposioesocite.ufpa.br\/?page_id=384\" data-type=\"page\" data-id=\"384\">GT03 &#8211; Antropologia da Ci\u00eancia e Saberes Sociot\u00e9cnicos: produ\u00e7\u00e3o de conhecimentos, encruzilhadas epist\u00eamicas e fric\u00e7\u00e3o de mundos<\/a><\/p>\n\n\n\n<p><a href=\"https:\/\/11simposioesocite.ufpa.br\/?page_id=385\" data-type=\"page\" data-id=\"385\">GT04 &#8211; Antropologia Digital, Intelig\u00eancia Artificial e Cibercultura<\/a><\/p>\n\n\n\n<p><a href=\"https:\/\/11simposioesocite.ufpa.br\/?page_id=387\" data-type=\"page\" data-id=\"387\">GT05 &#8211; Arte, Tecnologia e Sociedade<\/a><\/p>\n\n\n\n<p><a href=\"https:\/\/11simposioesocite.ufpa.br\/?page_id=388\" data-type=\"page\" data-id=\"388\">GT06 &#8211; Cadeias de commodities e tecnoci\u00eancia: arranjos agro-hidro-minerais e suas disputas<\/a><\/p>\n\n\n\n<p><a href=\"https:\/\/11simposioesocite.ufpa.br\/?page_id=389\" data-type=\"page\" data-id=\"389\">GT07 &#8211; C\u00f3digo, corpos e territ\u00f3rios: colonialismo digital e resist\u00eancia na Am\u00e9rica Latina<\/a><\/p>\n\n\n\n<p><a href=\"https:\/\/11simposioesocite.ufpa.br\/?page_id=390\" data-type=\"page\" data-id=\"390\">GT08 &#8211; CTS, teoria &amp; pr\u00e1tica e a\u00e7\u00e3o pol\u00edtica<\/a><\/p>\n\n\n\n<p><a href=\"https:\/\/11simposioesocite.ufpa.br\/?page_id=391\" data-type=\"page\" data-id=\"391\">GT09 &#8211; Desafios da Institucionaliza\u00e7\u00e3o da Pesquisa Transdisciplinar no Brasil<\/a><\/p>\n\n\n\n<p><a href=\"https:\/\/11simposioesocite.ufpa.br\/?page_id=392\" data-type=\"page\" data-id=\"392\">GT10 &#8211; Em busca do objeto perdido: negacionismo, anti-intelectualismo e os outros da ci\u00eancia<\/a><\/p>\n\n\n\n<p><a href=\"https:\/\/11simposioesocite.ufpa.br\/?page_id=393\" data-type=\"page\" data-id=\"393\">GT11 &#8211; Estudos CTS e a sa\u00fade<\/a><\/p>\n\n\n\n<p><a href=\"https:\/\/11simposioesocite.ufpa.br\/?page_id=395\" data-type=\"page\" data-id=\"395\">GT13 &#8211; Fora do Eixo: Ci\u00eancia, Natureza e Hist\u00f3ria<\/a><\/p>\n\n\n\n<p><a href=\"https:\/\/11simposioesocite.ufpa.br\/?page_id=396\" data-type=\"page\" data-id=\"396\">GT14 &#8211; Imagens e paisagens h\u00eddricas no Antropoceno: ecologias e epistemologias em disputa na contemporaneidade<\/a><\/p>\n\n\n\n<p><a href=\"https:\/\/11simposioesocite.ufpa.br\/?page_id=397\" data-type=\"page\" data-id=\"397\">GT15 &#8211; Inform\u00e1ticas e sociedades<\/a><\/p>\n\n\n\n<p><a href=\"https:\/\/11simposioesocite.ufpa.br\/?page_id=386\" data-type=\"page\" data-id=\"386\">GT16 &#8211; Intelig\u00eancia Artificial, Ci\u00eancia de Dados e Ambiente<\/a><\/p>\n\n\n\n<p><a href=\"https:\/\/11simposioesocite.ufpa.br\/?page_id=431\" data-type=\"page\" data-id=\"431\">GT17 &#8211; Interdisciplinariedade em CTS<\/a><\/p>\n\n\n\n<p><a href=\"https:\/\/11simposioesocite.ufpa.br\/?page_id=432\" data-type=\"page\" data-id=\"432\">GT18 &#8211; Interfaces entre Ci\u00eancia, Tecnologia e Educa\u00e7\u00e3o<\/a><\/p>\n\n\n\n<p><a href=\"https:\/\/11simposioesocite.ufpa.br\/?page_id=433\" data-type=\"page\" data-id=\"433\">GT19 &#8211; Meio ambiente e interface entre ci\u00eancias e pol\u00edticas<\/a><\/p>\n\n\n\n<p><a href=\"https:\/\/11simposioesocite.ufpa.br\/?page_id=434\" data-type=\"page\" data-id=\"434\">GT20 &#8211; Pedra, planta, bicho, gente\u2026 coisas: estudos para aterrar diante da urg\u00eancia da a\u00e7\u00e3o clim\u00e1tica<\/a><\/p>\n\n\n\n<p><a href=\"https:\/\/11simposioesocite.ufpa.br\/?page_id=435\" data-type=\"page\" data-id=\"435\">GT21 &#8211; Produ\u00e7\u00e3o de conhecimentos e artefatos &#8211; Experi\u00eancias interdisciplinares em design<\/a><\/p>\n\n\n\n<p><a href=\"https:\/\/11simposioesocite.ufpa.br\/?page_id=436\" data-type=\"page\" data-id=\"436\">GT22 &#8211; Saberes Psi e Campo CTS: naturezas, formas de exist\u00eancia e modos de subjetiva\u00e7\u00e3o em territ\u00f3rios variados<\/a><\/p>\n\n\n\n<p><a href=\"https:\/\/11simposioesocite.ufpa.br\/?page_id=437\" data-type=\"page\" data-id=\"437\">GT23 &#8211; Tecnologia e Interseccionalidade<\/a><\/p>\n\n\n\n<p><a href=\"https:\/\/11simposioesocite.ufpa.br\/?page_id=438\" data-type=\"page\" data-id=\"438\">GT24 &#8211; Tecnologias e Inova\u00e7\u00f5es: saberes, comunidades, artefatos e sustentabilidades<\/a><\/p>\n\n\n\n<p><a href=\"https:\/\/11simposioesocite.ufpa.br\/?page_id=441\" data-type=\"page\" data-id=\"441\">GT26 &#8211; \u201cPeriferalidades\u201d e subalternidades na produ\u00e7\u00e3o do conhecimento<\/a><\/p>\n<\/div><\/div>\n\n\n\n<div class=\"wp-block-group\"><div class=\"wp-block-group__inner-container is-layout-constrained wp-block-group-is-layout-constrained\"><\/div><\/div>\n\n\n\n<p><\/p>\n","protected":false},"excerpt":{"rendered":"<p>\u200bGT01 &#8211; (In)depend\u00eancias Sociot\u00e9cnicas e Movimentos Sociais: Desafios de Engajamentos \/ Governan\u00e7as com Novas Tecnologias GT02 &#8211; A Indissocialidade Entre Ensino, Pesquisa e Extens\u00e3o: desafios e experi\u00eancias na Amaz\u00f4nia GT03 &#8211; Antropologia da Ci\u00eancia e Saberes Sociot\u00e9cnicos: produ\u00e7\u00e3o de conhecimentos, encruzilhadas epist\u00eamicas e fric\u00e7\u00e3o de mundos GT04 &#8211; Antropologia Digital, Intelig\u00eancia Artificial e Cibercultura GT05&#8230;<\/p>\n","protected":false},"author":1,"featured_media":484,"parent":0,"menu_order":0,"comment_status":"closed","ping_status":"closed","template":"","meta":{"_themeisle_gutenberg_block_has_review":false,"footnotes":""},"class_list":["post-188","page","type-page","status-publish","has-post-thumbnail","hentry"],"_links":{"self":[{"href":"https:\/\/11simposioesocite.ufpa.br\/index.php?rest_route=\/wp\/v2\/pages\/188","targetHints":{"allow":["GET"]}}],"collection":[{"href":"https:\/\/11simposioesocite.ufpa.br\/index.php?rest_route=\/wp\/v2\/pages"}],"about":[{"href":"https:\/\/11simposioesocite.ufpa.br\/index.php?rest_route=\/wp\/v2\/types\/page"}],"author":[{"embeddable":true,"href":"https:\/\/11simposioesocite.ufpa.br\/index.php?rest_route=\/wp\/v2\/users\/1"}],"replies":[{"embeddable":true,"href":"https:\/\/11simposioesocite.ufpa.br\/index.php?rest_route=%2Fwp%2Fv2%2Fcomments&post=188"}],"version-history":[{"count":14,"href":"https:\/\/11simposioesocite.ufpa.br\/index.php?rest_route=\/wp\/v2\/pages\/188\/revisions"}],"predecessor-version":[{"id":891,"href":"https:\/\/11simposioesocite.ufpa.br\/index.php?rest_route=\/wp\/v2\/pages\/188\/revisions\/891"}],"wp:featuredmedia":[{"embeddable":true,"href":"https:\/\/11simposioesocite.ufpa.br\/index.php?rest_route=\/wp\/v2\/media\/484"}],"wp:attachment":[{"href":"https:\/\/11simposioesocite.ufpa.br\/index.php?rest_route=%2Fwp%2Fv2%2Fmedia&parent=188"}],"curies":[{"name":"wp","href":"https:\/\/api.w.org\/{rel}","templated":true}]}}